**3/6 + i**2 - 9*i. Let l be n(-2). Suppose -4*c + 6 - 24 = -s, 4*s = -l*c + 92. What is the tens digit of s?
2
Let t(p) = 33*p**2 - 5*p + 2. What is the hundreds digit of t(3)?
2
Suppose -4*s = 12, -2*a - 7*s + 8*s + 1537 = 0. What is the hundreds digit of a?
7
What is the tens digit of ((-9)/3)/(6318/(-2103) - -3)?
0
Let v(c) be the first derivative of -c**3/3 - 6*c**2 + 23*c + 9. Let k be v(-11). Let p = k + -1. What is the tens digit of p?
3
What is the tens digit of (-485)/(-4) + 6/(-24)?
2
Suppose 3*l - 111 = -2*o - 5, 3*l = 4*o - 230. Suppose 6*t - o + 20 = 0. What is the units digit of 4/t - (-176)/6?
0
Let p = 46 + 22. Suppose 0 = -8*s + 3*s - 3*m + 188, 5*m = 5*s - 220. Let h = p - s. What is the tens digit of h?
2
Suppose 0 = -5*i + 4 + 6. Suppose i = -5*n - 2*s + 283, -119 = -2*n - 3*s. What is the tens digit of n?
5
Let j(x) = 69*x - 2. Let t be j(6). Suppose 15*n - t = 11*n. What is the units digit of n?
3
Suppose -25*o + 15141 = -1709. What is the units digit of o?
4
Let z be (0 - -1) + 0/9. Let m be (-4)/((-12)/15) + 3. Let b = m + z. What is the units digit of b?
9
Suppose -2*f - 957 = -w + 3*f, 2*w - 1920 = 4*f. Suppose 4*y - 2*q = -y + 956, 5*y - w = -q. What is the tens digit of y?
9
Let d(b) = 5*b + 39. Let y be d(-9). Let c(j) = -25*j - 24. What is the units digit of c(y)?
6
Let m = -6296 + 10103. What is the tens digit of m?
0
Let f(t) = 58*t + 11. What is the units digit of f(10)?
1
Let n = -41 + 44. Suppose n*j = -2*l + 37, -j = -0*l - 4*l - 31. What is the tens digit of j?
1
Suppose 2*v = -3*y - 9 + 41, 2*v + 4*y - 36 = 0. What is the units digit of v/2*15/25?
3
Let p(j) = -4*j + 21. Let g be p(4). Suppose g*z + 80 = 5*y, 0 = y + z - 0*z - 20. What is the units digit of y?
8
Let q(b) = b + 1. Let t be q(9). What is the units digit of 5/t*(63 + -1)?
1
Suppose -9 - 3 = -2*w - 4*l, -2*w + 5*l = 24. Let v be (3/(-6))/(w/4). Suppose v = 3*z - 2*z. What is the units digit of z?
1
Suppose 0 = -2*m + 144 + 178. Let a = m - 75. What is the tens digit of a?
8
Let z(c) = -24*c**2 + 11*c**2 - 2*c - c**3 + 11*c**2 + 2. Let d be z(-4). Suppose 3*w + d - 127 = -2*x, 3*x = 6. What is the units digit of w?
7
Let w(y) = -y**3 + 8*y**2 - 8*y + 9. Let m be w(7). What is the tens digit of 1092/18 + m/6?
6
Let w(z) = z**2 + 7*z - 6. Let a be w(-8). Suppose -2*p = -3*y - p + 11, 2*y + a*p = 2. Suppose 0*l = -y*l + 78. What is the units digit of l?
6
Suppose -18 = -2*z - 7*z. Let q(m) = 43*m + 4. What is the tens digit of q(z)?
9
Let a be 118 + 4 + -1 + -2. Let t = a - 95. What is the tens digit of t?
2
Let u(o) = o**3 - 15*o**2 + 41*o - 30. What is the units digit of u(12)?
0
Let f be 7*(1 - 4/7). Suppose 0 = 2*l - 4, f*l + 481 = 3*i + 2*l. What is the tens digit of i?
6
Let d = 86 - 130. Let n = 80 + d. What is the units digit of n?
6
Let c(y) = 249*y - 61. What is the hundreds digit of c(4)?
9
Suppose 5*h - 11 = 9. Suppose -h*a + 60 = a. Suppose -2*s + s + a = 0. What is the units digit of s?
2
Let p be (5 + 32/(-5))*-10. What is the tens digit of 442/p - (-3)/7?
3
Let v(b) = -130*b + 15. What is the units digit of v(-5)?
5
Let t = -11 - 13. What is the units digit of 490/3 + 0 + 8/t?
3
What is the hundreds digit of (8/(-6))/(240/(-213300))?
1
Suppose d = 2*d - 5. Suppose d*i = 305 - 0. What is the units digit of i?
1
Let q(z) = z + 1. Let u be q(10). Suppose u*t - 13*t = -24. Suppose -21 = -3*x - t. What is the units digit of x?
3
Let o be 5 + -1 - (4 - -346). Let u = -139 - o. What is the hundreds digit of u?
2
Let r(b) = -3*b**2 + 4*b - 8. Let f(m) = 4*m**2 - 4*m + 9. Let o(u) = -2*f(u) - 3*r(u). What is the units digit of o(5)?
1
Let n be 5 - 1 - (4 - 2). Let j(u) = 22*u + 4. What is the units digit of j(n)?
8
What is the units digit of (-64)/(-16) + (205 - -4)?
3
Suppose 0 = 9*k + 2220 - 13056. What is the tens digit of k?
0
Let v be 2 + (10 - 1)*12/(-36). What is the tens digit of (v + 0)*-30 - -1?
3
Let w(j) = 109*j**2 + 3*j - 3. Let l be w(2). Suppose t = 4*n - 352, 0*t = -5*n + t + l. What is the tens digit of n?
8
Suppose 0 = -3*x + 10*x - 3955. What is the hundreds digit of x?
5
Let r(a) = a + 2. Let o be r(0). What is the tens digit of (o/3)/(2/153)?
5
Let z = -3 - -5. Suppose -3*t + z*s = -30 - 159, 2*s = -4*t + 238. What is the units digit of t?
1
Let t = -1136 - -2538. What is the units digit of t?
2
Suppose 0 = -2*v + 8, 0 = 2*y - 3*v - 0*v - 10. Let b be (102/(-85))/((-3)/40). Let h = b - y. What is the units digit of h?
5
Suppose 0 = -5*u + 3 + 27. What is the tens digit of (1067/33)/(2/u)?
9
Suppose z - b + 2*b = 0, -3*z + 3 = 2*b. Suppose z*f - 5*k - 91 = -15, 2*k = -5*f + 137. What is the tens digit of f?
2
Let r = 1359 - 711. What is the hundreds digit of r?
6
Let x(f) = -2*f + 16. Let l be x(16). Let h be (-3 - -33)*l/(-20). Let u = h + 6. What is the tens digit of u?
3
Let w(p) = 12*p**2 + 8*p + 88. What is the hundreds digit of w(-11)?
4
Suppose 22*d - 10*d = 0. Suppose 5*l + d*c = 3*c + 1262, 4*c - 1234 = -5*l. What is the hundreds digit of l?
2
Suppose -5 = 2*d + 4*b - 1, -b - 7 = 2*d. What is the units digit of 1/((-20)/25)*d?
5
Suppose -2*o + 142 = o - 5*f, f - 151 = -4*o. What is the tens digit of o?
3
Suppose 5*t = 4*i + 653 - 2785, -533 = -i - t. What is the tens digit of i?
3
Suppose 0 = -5*q + 5*p + 65, 5*p + 9 = q - 12. Let f(d) = -d**3 + 10*d**2 + 11*d + 5. Let v be f(q). Suppose v*u + 49 - 239 = 0. What is the tens digit of u?
3
Let o(z) = -4*z - 68. What is the units digit of o(-30)?
2
Suppose -b + 28 = 3*m - 5*b, -3*m - b = -53. Suppose -m*w + 9*w = -98. What is the tens digit of w?
1
Let s = 27 - 20. What is the units digit of s/2 + 2/16*-4?
3
Let n = 23 - 20. Suppose -105 = -n*u + 4*k + 44, -3*k + 54 = u. What is the tens digit of u?
5
Let l(j) = -j - 6. Let a be l(-7). Let c be (-6)/4 + a/(-2). Let x(f) = 5*f**2 + 3*f + 1. What is the units digit of x(c)?
5
Suppose 6 = z + 4. Let y be z/(-2) + -86 - -2. Let l = -49 - y. What is the tens digit of l?
3
Suppose -6*s + 3866 = -3034. What is the thousands digit of s?
1
Let u(g) = 6*g - 3*g - 3*g - 2*g. Let l be (-18)/8 - -4*18/(-96). What is the units digit of u(l)?
6
Let f = 11 + -18. Let p(n) be the first derivative of n**4/4 + 7*n**3/3 - n**2 - 9*n + 4. What is the units digit of p(f)?
5
Suppose l - 4*m = 2704, -30*m + 32*m = -4*l + 10798. What is the units digit of l?
0
Suppose 0 = -6*h + 3*h. Suppose 0*i + 4*i = h. Suppose i = 4*s - 13 - 51. What is the units digit of s?
6
Let l(z) = z**3 + 3*z**2 + z - 2. Let i be l(-3). Let v be (1/2)/(i/400). What is the units digit of 66 - (v/5 - -4)?
0
Let n(f) = -f**3 - 9*f**2 - 7*f + 8. Let d be n(-8). Suppose -17*s + 404 + 378 = d. What is the units digit of s?
6
Let d(s) = s**3 + 5*s**2 + 6*s + 2. Let x be d(-4). Let l be x/3 - (-25 + 0). Suppose 4*z + l = 83. What is the units digit of z?
5
Let q = 23 - 21. Suppose -q = -3*z + 10. Suppose -9*p + 200 = -z*p. What is the units digit of p?
0
Let i(g) = 34*g**2 - 11*g - 96. What is the hundreds digit of i(-11)?
1
Suppose 3*b + 7*q - 5559 = 2*q, -2*b = 2*q - 3710. What is the units digit of b?
8
Let y(x) = x**3 - 5*x**2 - 3*x - 6. Let p be y(6). What is the units digit of 202/p + (-20)/(-120)?
7
Suppose -7*g = -11096 - 6229. What is the tens digit of g?
7
What is the hundreds digit of (1 - 990)*6/(-6)?
9
Let t be -3*(-16)/12 + 0. What is the units digit of 3*(-1098)/(-135)*10/t?
1
Let y be (-3)/(-7) + (-2)/(-14)*-17. What is the tens digit of 15/y*(-128)/10?
9
Suppose -3*u - 94 = -13. Suppose -480*m - 105 = -483*m. Let o = m + u. What is the units digit of o?
8
Suppose -20*j - 2*h = -21*j + 850, -3*j - h + 2543 = 0. What is the hundreds digit of j?
8
Let g(c) = c + 3. Let k be g(5). Suppose k = 6*w - 5*w. Suppose 3*b - 4*n - 66 = 0, 3*n + 103 = 4*b + w. What is the tens digit of b?
2
What is the units digit of (15 + -6 + 8)*39?
3
Let k(h) be the third derivative of -h**6/120 + h**5/12 + 11*h**4/24 - 4*h**3/3 - 4*h**2. Let y be k(7). Let b = y - -43. What is the units digit of b?
4
Let l(c) = -11*c**3 + c + 10. What is the units digit of l(-3)?
4
Suppose 9*k = 4*k + 330. Let m be (-5229)/(-49) + (-4)/(-14). Let i = m - k. What is the tens digit of i?
4
Suppose -3*y - 2*p - 109 = 0, 180 = -4*y - p + 38. Let a = -28 - y. What is the units digit of a?
7
Supp